 What is the units digit of m?
9
Suppose 0 = -4*q + 5 - 1. Let y be q + (4/(-2) - 10). What is the units digit of (1 + y/2)*-2?
9
Suppose 5 = 3*c - 2*c. Suppose 0 = 2*l - c*l + 30. What is the units digit of l?
0
Let v = 90 - 42. What is the tens digit of v?
4
Suppose 500 = 3*g + 2*g. Let z = g + -66. What is the tens digit of z?
3
Suppose 2*d = 1 + 9. Let b(c) = -3*c**2 + 17*c - 14. Let q(p) = p**2 - 6*p + 5. Let n(g) = -2*b(g) - 7*q(g). What is the units digit of n(d)?
8
Let s(r) = -r**2 + 6*r + 1. Let a be s(5). Let l = a - 4. What is the units digit of l?
2
What is the tens digit of 32/(-6)*(-696)/32?
1
Let j(w) = 16*w + 2. What is the tens digit of j(10)?
6
What is the units digit of -10*4/32*-40?
0
Suppose 0 = -4*p - 4*u + 868, 3*p - u - 343 - 328 = 0. What is the units digit of p?
2
Let o = 13 - 9. Let m = -26 + 40. Suppose -m = -o*u - 2. What is the units digit of u?
3
Let t = 307 + 29. What is the hundreds digit of t?
3
What is the units digit of 2*(-5 - (-38)/2)?
8
Let u(t) = t - 2. Suppose v + 2 - 9 = 0. Let m be u(v). Let r = m - -3. What is the units digit of r?
8
Let q(x) = -x**2 - 9*x - 10. Let n be q(-5). Let w(b) = b**3 - 10*b**2 + b + 12. What is the units digit of w(n)?
2
Let p be (18/(-6))/(6/(-28)). Suppose 5 + p = z. What is the tens digit of z?
1
Suppose -2*t = -q - 2, 0*q + 2*t = -4*q + 2. What is the units digit of 1 + q + 0 + 13?
4
What is the tens digit of (14/35)/(1/95)?
3
Suppose 49 - 124 = 5*t. What is the tens digit of (-32)/3*t/10?
1
Suppose 1452 = 5*p + 4*a, -3*p + 5*a + 1376 - 490 = 0. What is the units digit of p?
2
Suppose -2*g + 14 = 4*j, -2*g - 3*j + 19 - 5 = 0. Suppose c = 3*d - 23, 25 = g*d - 2*d + 5*c. What is the units digit of d?
7
What is the units digit of 12*(7/4 - 1)?
9
Suppose -8 = 3*n + 1. Let a be 3 + (0/n)/3. Suppose 4*r - 25 = -a*g, -g - 3*r = 4*g - 60. What is the tens digit of g?
1
Let h = 6 + -19. Let j = 26 + h. What is the units digit of j?
3
Let n be 5/(5/(-2))*-1. Suppose -5*x = -2*y - 55, -3*x = 2*x + n*y - 75. What is the tens digit of x?
1
Suppose -9 = -3*p - 3. Suppose 0*z = -p*z + 106. What is the tens digit of z?
5
Let x be (-51)/(-2)*18/(-27). Let v(i) = i**3 + 18*i**2 + 17*i + 21. What is the tens digit of v(x)?
2
Let o(m) = 10*m**2 - 2*m - 1. What is the units digit of o(2)?
5
What is the units digit of 159*5*(-5 - -3)/(-10)?
9
Let l = -13 - -3. What is the units digit of (-78)/(-15) - (-2)/l?
5
Suppose -v - 1 = 0, -3*x + 38 + 170 = -v. What is the tens digit of x?
6
Suppose -3*f - 7 = 2. What is the units digit of (-4)/(f*(-6)/(-9))?
2
Let d be 1*-9*40/(-12). Let f = d - 3. What is the tens digit of f?
2
Let v be -2 - ((0 - 0) + 0). Let i be (-2)/(v/(-4) - 0). What is the units digit of 20/9 + i/18?
2
What is the tens digit of (-1111)/(-22) - 6/4?
4
Let d(a) = a**2 - 5*a - 25. What is the tens digit of d(-18)?
8
Suppose -2*n - q = -375, 5*n + 2*q = 590 + 350. What is the tens digit of n?
9
Let d be (-1 + 2 - 1) + -18. Let b = -6 - d. What is the units digit of b?
2
Let s(h) = -2*h**3 - 5*h**2 - h + 3. Let y be s(-3). Let p = -23 - y. What is the units digit of p/8*(-10 + 6)?
9
Let w(a) be the third derivative of a**6/120 + 3*a**5/20 - 5*a**4/12 + 11*a**3/6 - 4*a**2. What is the tens digit of w(-10)?
1
Suppose -21 = -2*p - p. What is the units digit of p?
7
Let f be 6/(-3) + (-14)/(-2). Suppose -2*a - 4 = 0, 3*a = -f*g - 6 + 25. What is the units digit of g?
5
Suppose -6*t + 5*t = -1. Let r(k) = k**2 - k + 1. Let b(y) = 7*y**2 - 1. Let m(i) = b(i) + r(i). What is the units digit of m(t)?
7
Suppose -4*v = -2*v - 8. Suppose 5*p - 45 = 5*h, 5*h - v*p + 13 = -29. Let n = 2 - h. What is the units digit of n?
8
Suppose 72 = -3*r + 7*r - 4*t, 3*r - t = 64. What is the tens digit of r?
2
Let j(y) = y**3 + 9*y**2 + 5*y - 4. What is the units digit of j(-6)?
4
Let u = 449 + -234. What is the hundreds digit of u?
2
Let p(g) = g**2 + 4*g - 5. Let f be p(7). What is the units digit of ((-4)/(-6))/(2/f)?
4
Suppose 1 = -2*u + 7. Let q = u - -1. What is the units digit of q?
4
Suppose 0 = -y + 4*y + 2*i - 13, y + 5*i = 0. Suppose y = a - x - 20, 2 = -2*x. What is the units digit of a?
4
Suppose -2*c + 2*p - 11 = -c, -p + 2 = 0. Let l = -2 - c. What is the units digit of l?
5
Let r(n) = 2*n**3 + n**2 - 1. Let v be r(1). Suppose -7 + 4 = -v*q + 5*w, 2*q - 2*w = 12. What is the units digit of q?
9
Let a be (6/(-4))/((-9)/(-12)). What is the units digit of 22/(-4)*a + -2?
9
Let d(h) = -h**3 + h**2. Let p(x) = -3*x**3 - x**2 + 5*x + 4. Let v(r) = -2*d(r) + p(r). Let q be v(-4). Suppose 4*m = -q*m + 8. What is the units digit of m?
2
Let n = 11 - 8. Suppose 0 = n*v - 2*v - 1. What is the units digit of v?
1
Let y = 162 + -51. What is the tens digit of y?
1
Let k = -4 - -6. Suppose 2*j - 2*z - 6 = -2*j, -k*z = -j - 6. Suppose j*c = 5*c - 15. What is the units digit of c?
5
Let u(h) = h**2 + 1. Let p be u(-2). Suppose s - 41 = 4*r, -s + 6*s - p*r = 160. What is the tens digit of s?
2
Suppose 4*q - 16 = i - 5*i, 5*q + 3*i - 18 = 0. Let o = 9 + q. What is the tens digit of o?
1
What is the units digit of ((-27)/(-6) - 4)/((-1)/(-30))?
5
Let l be (-7)/2 + 2/4. Let t = l - -6. What is the units digit of (t + -1)/((-2)/(-1))?
1
Let j(b) be the second derivative of 1/2*b**4 + 0 - 2*b + 1/3*b**3 - 1/20*b**5 - 3*b**2. What is the units digit of j(6)?
6
Suppose -a + 86 = -4*f, -2*f + 230 = -2*a + 5*a. What is the units digit of a?
8
Let l be (-4)/(1*-4) + 1. Suppose -3*i + 35 = -l*i. What is the units digit of i?
5
Let d(n) = n**2 - 4. Let k be d(3). Suppose 0 = -2*m + 1 + k. Suppose m*l = 7*l - 16. What is the units digit of l?
4
Suppose -4*y + 18 = 3*v, 0*y - 2*y + 5*v = 4. Suppose 4*l + y*u - 69 = 0, 0 = -2*u + 5*u + 15. What is the tens digit of l?
2
Let r be (-16)/72 + (-4)/(-18). Suppose -q - g - 9 = 0, -3*q + r*g - 5*g - 33 = 0. Let x(n) = -n**2 - 6*n + 2. What is the units digit of x(q)?
2
Suppose -3*v + 6 = -0*x + 5*x, 2*v = 4*x + 4. Suppose x*p - 32 = -4*p. What is the units digit of p?
8
Suppose 4*x - 5*w = 22, 5*x - 4 - 1 = -5*w. Suppose -2*o - 19 = -x*o. What is the units digit of o?
9
Let x(n) = n**2 + 14*n - 7. What is the units digit of x(6)?
3
Let k = -20 - -21. What is the units digit of (-2)/(35/(-33) + k)?
3
Suppose -3*z - 19 = -i - 7*z, -21 = -4*i - 5*z. Let d = 12 + i. What is the tens digit of d?
1
Suppose -18*v + 714 = -11*v. What is the units digit of v?
2
Let s = 198 - 112. What is the tens digit of s?
8
Suppose 4*f - 673 = 5*u, 0 = -4*f - u + 2*u + 669. What is the tens digit of f?
6
Let b be 0 + 0/(1 - 2). Let x(g) = g**3 - g**2 + g - 18. Let c be x(b). Let m = -4 - c. What is the units digit of m?
4
Suppose -3*t + 22 = t + 2*p, -t = p - 4. Suppose 3*v - t*v - 20 = -4*s, -2*v + 40 = 3*s. Suppose 0 = -4*k + 30 + s. What is the units digit of k?
0
Let l(h) = 13*h - 10. Let u be l(-8). Let i be u/(-22) + (-2)/11. Suppose -26 = -5*g - 2*m, g - 7 = 3*g - i*m. What is the units digit of g?
4
Let s = 0 - -17. What is the tens digit of s - (3 - 3 - -3)?
1
Suppose -2*l + 2 = 2*k, 4*k - 7 = -6*l + l. Suppose 3*c + 24 = l*r, -c - 2 = -2*r + 10. Let s = c - -10. What is the units digit of s?
6
Let i(j) = j**3 + 2*j**2 - 4*j + 2. Let h be i(2). Let b(x) = 2*x + 10. What is the units digit of b(h)?
0
Let g(d) = d**3 - 16*d**2 + 16*d + 13. What is the units digit of g(15)?
8
Let z(p) = 2*p**2 - 2. Let o be z(2). Suppose -o*f - 65 = -5*u - 2*f, f + 5 = 0. Suppose 2*v - u = -3. What is the units digit of v?
3
Let t(i) = 13 + 15 + i - 15. What is the units digit of t(16)?
9
Let p(m) = m**2 + 4*m + 1. Suppose -4*s = -7*s - 12. Let q be p(s). Suppose -r + 3 = q. What is the units digit of r?
2
Let a(w) be the first derivative of -w**3/3 - 7*w**2/2 + 4*w + 5. What is the units digit of a(-7)?
4
Let f = -32 - -32. Suppose -h + d + 0*d + 11 = 0, -h + 36 = 4*d. Suppose f*b - h = -b. What is the tens digit of b?
1
Let k be 15/4 - 3/(-12). Suppose -25 = -5*l, k*t = 4*l + l - 77. Let h = 27 + t. What is the units digit of h?
4
Suppose 3*v - 174 = -3*n, 5*v - n = -3*n + 290. What is the tens digit of v?
5
Let s(c) = 8*c - 7 + 9 - 2*c + 3*c. What is the tens digit of s(3)?
2
Let a(r) = r**3 - 7*r**2 + 8*r - 9. Let s be a(6). Suppose 0 = -2*l + 1 + s. Suppose -3*q - 18 = -5*p, 9 = l*p - 5*q - 2. What is th